 units digit of 989291?
1
What is the ten thousands digit of 40281?
4
What is the thousands digit of 3913377?
3
What is the hundred thousands digit of 10452321?
4
What is the units digit of 185708?
8
What is the tens digit of 71380?
8
What is the ten thousands digit of 496601?
9
What is the hundred thousands digit of 212042?
2
What is the tens digit of 521584?
8
What is the units digit of 596000?
0
What is the tens digit of 4039251?
5
What is the hundred thousands digit of 1881681?
8
What is the ten thousands digit of 12558178?
5
What is the units digit of 244367?
7
What is the ten thousands digit of 155450?
5
What is the tens digit of 175224?
2
What is the hundreds digit of 16718?
7
What is the tens digit of 9579228?
2
What is the hundreds digit of 207083?
0
What is the hundred thousands digit of 7490222?
4
What is the tens digit of 53126?
2
What is the ten thousands digit of 13685819?
8
What is the units digit of 442997?
7
What is the hundred thousands digit of 28913962?
9
What is the hundred thousands digit of 3177462?
1
What is the tens digit of 63036?
3
What is the hundreds digit of 604477?
4
What is the hundred thousands digit of 19579240?
5
What is the thousands digit of 3307204?
7
What is the hundreds digit of 1747179?
1
What is the ten thousands digit of 29022?
2
What is the hundred thousands digit of 262146?
2
What is the hundred thousands digit of 1346728?
3
What is the thousands digit of 6770101?
0
What is the units digit of 650016?
6
What is the hundred thousands digit of 100443?
1
What is the tens digit of 908352?
5
What is the millions digit of 10521105?
0
What is the thousands digit of 4260854?
0
What is the thousands digit of 37285570?
5
What is the thousands digit of 190304?
0
What is the thousands digit of 876141?
6
What is the hundreds digit of 8398707?
7
What is the ten thousands digit of 362716?
6
What is the units digit of 26056?
6
What is the tens digit of 678213?
1
What is the millions digit of 6604022?
6
What is the ten thousands digit of 71692?
7
What is the thousands digit of 16837321?
7
What is the thousands digit of 7570355?
0
What is the ten thousands digit of 4934941?
3
What is the hundreds digit of 3461745?
7
What is the thousands digit of 2506188?
6
What is the thousands digit of 4967751?
7
What is the millions digit of 29626003?
9
What is the thousands digit of 167294?
7
What is the thousands digit of 947570?
7
What is the ten thousands digit of 2616399?
1
What is the ten thousands digit of 602589?
0
What is the hundreds digit of 57795?
7
What is the ten thousands digit of 35856680?
5
What is the units digit of 118578?
8
What is the thousands digit of 3255821?
5
What is the thousands digit of 5033246?
3
What is the hundreds digit of 7792590?
5
What is the hundred thousands digit of 299083?
2
What is the units digit of 577141?
1
What is the millions digit of 9757262?
9
What is the hundred thousands digit of 453625?
4
What is the hundred thousands digit of 5038252?
0
What is the ten thousands digit of 13774802?
7
What is the units digit of 35819?
9
What is the millions digit of 12600121?
2
What is the hundreds digit of 333666?
6
What is the millions digit of 1952396?
1
What is the ten thousands digit of 96796?
9
What is the units digit of 180883?
3
What is the hundred thousands digit of 991829?
9
What is the ten thousands digit of 4340139?
4
What is the units digit of 21366558?
8
What is the hundreds digit of 403926?
9
What is the millions digit of 2512791?
2
What is the tens digit of 19167?
6
What is the hundred thousands digit of 1976163?
9
What is the units digit of 208338?
8
What is the units digit of 348138?
8
What is the millions digit of 4296630?
4
What is the tens digit of 873760?
6
What is the hundred thousands digit of 4602958?
6
What is the tens digit of 2637778?
7
What is the hundreds digit of 201555?
5
What is the units digit of 10074806?
6
What is the tens digit of 1847615?
1
What is the thousands digit of 2406055?
6
What is the thousands digit of 276715?
6
What is the hundreds digit of 605442?
4
What is the thousands digit of 1629416?
9
What is the tens digit of 2195933?
3
What is the ten thousands digit of 654204?
5
What is the units digit of 10849421?
1
What is the millions digit of 35084986?
5
What is the millions digit of 1297206?
1
What is the tens digit of 11350871?
7
What is the ten millions digit of 14104244?
1
What is the hundred thousands digit of 23258398?
2
What is the tens digit of 318929?
2
What is the thousands digit of 45151?
5
What is the hundreds digit of 154036?
0
What is the thousands digit of 177568?
7
What is the units digit of 899699?
9
What is the millions digit of 1372989?
1
What is the tens digit of 4291841?
4
What is the units digit of 834420?
0
What is the units digit of 29413?
3
What is the tens digit of 228224?
2
What is the ten thousands digit of 6725107?
2
What is the millions digit of 1693754?
1
What is the ten millions digit of 11984875?
1
What is the ten thousands digit of 6436207?
3
What is the ten thousands digit of 4645274?
4
What is the ten thousands digit of 19346367?
4
What is the thousands digit of 995945?
5
What is the thousands digit of 6012077?
2
What is the tens digit of 33177937?
3
What is the units digit of 570597?
7
What is the hundreds digit of 236964?
9
What is the tens digit of 2477431?
3
What is the hundred thousands digit of 1364369?
3
What is the units digit of 59829?
9
What is the tens digit of 14309?
0
What is the ten thousands digit of 1849663?
4
What is the thousands digit of 1445978?
5
What is the thousands digit of 5248138?
8
What is the millions digit of 3352947?
3
What is the millions digit of 1394267?
1
What is the hundred thousands digit of 972534?
9
What is the ten thousands digit of 298262?
9
What is the ten thousands digit of 134396?
3
What is the tens digit of 26407?
0
What is the ten thousands digit of 82895?
8
What is the ten thousands digit of 2386200?
8
What is the tens digit of 645448?
4
What is the tens digit of 302108?
0
What is the hundreds digit of 1773882?
8
What is the tens digit of 76955?
5
What is the units digit of 1009244?
4
What is the hundred thousands digit of 128702?
1
What is the hundreds digit of 183111?
1
What is the tens digit of 1083121?
2
What is the hundreds digit of 251236?
2
What is the hundred thousands digit of 925154?
9
What is the tens digit of 5907150?
5
What is the ten thousands digit of 10241563?
4
What is the ten thousands digit of 866337?
6
What is the tens digit of 31856342?
4
What is the thousands digit of 7907379?
7
What is the thousands digit of 225761?
5
What is the hundreds digit of 787117?
1
What is the millions digit of 35052797?
5
What is the hundred thousands digit of 3190860?
1
What is the hundreds digit of 4582301?
3
What is the ten millions digit of 15065117?
1
What is the millions digit of 1292323?
1
What is the hundred thousands digit of 14120537?
1
What is the ten thousands digit of 199627?
9
What is the hundred thousands digit of 5169043?
1
What is the thousands digit of 304256?
4
What is the millions digit of 1894586?
1
What is the units digit of 469605?
5
What is the tens digit of 449585?
8
What is the tens digit of 35943?
4
What is the thousands digit of 6712721?
2
What is the tens digit of 3765101?
0
What is the millions digit of 2463595?
2
What is the ten millions digit of 14640518?
1
What is the hundreds digit of 751967?
9
What is the hundred thousands digit of 3127282?
1
What is the hundreds digit of 107102?
1
What is the ten thousands digit of 970473?
7
What is the units digit of 663153?
3
What is the units digit of 182061?
1
What is the millions digit of 19233475?
9
What is the thousands digit of 1786086?
6
What is the ten thousands digit of 765550?
6
What is the units digit of 132828?
8
What is the ten thousands digit of 2026486?
2
What is the tens digit of 318217?
1
What is the hundreds digit of 4316540?
5
What is the hundreds digit of 1567270?
2
What is the ten millions digit of 11776010?
1
What is the millions digit of 2511476?
2
What is the tens digit of 643417?
1
What is the ten thousands digit of 364690?
6
What is the hundred thousands digit of 231291?
2
What is the millions digit of 1642939?
1
What is the hundred thousands digit of 1056876?
0
What is the